
Calculate the highest common factor of 1102880 and 4859.
113
What is the highest common divisor of 8 and 778403?
1
What is the highest common factor of 19608230 and 166690?
2110
What is the greatest common divisor of 6562 and 12514506?
386
Calculate the highest common divisor of 6351842 and 154.
14
Calculate the greatest common factor of 27298374 and 234.
6
What is the greatest common divisor of 84371729 and 3811?
3811
What is the highest common factor of 18 and 4466240?
2
What is the highest common factor of 52886 and 558?
62
Calculate the highest common divisor of 50040 and 6045.
15
What is the highest common divisor of 8064 and 55098?
18
What is the highest common divisor of 2825194 and 2?
2
Calculate the highest common factor of 17 and 16974857.
17
Calculate the greatest common divisor of 6716 and 170522.
46
What is the greatest common divisor of 147276 and 728460?
36
What is the highest common divisor of 31953895 and 545?
545
Calculate the greatest common divisor of 250 and 42040750.
250
What is the highest common divisor of 268436185 and 8660?
2165
What is the highest common divisor of 207 and 14628460?
23
Calculate the greatest common divisor of 923 and 31079753.
71
Calculate the greatest common factor of 1449631 and 51152.
139
Calculate the greatest common divisor of 11066269 and 21607.
697
Calculate the greatest common factor of 385175165 and 1570.
785
Calculate the greatest common divisor of 1751 and 496357.
103
What is the highest common divisor of 439470 and 635930?
190
What is the highest common factor of 18054393 and 588?
147
Calculate the highest common divisor of 207980595 and 27.
27
What is the greatest common divisor of 3175716 and 48?
12
What is the highest common divisor of 248 and 514256?
8
Calculate the highest common factor of 4648 and 1302602.
1162
Calculate the highest common factor of 4 and 3760658.
2
What is the greatest common factor of 154128 and 61542026?
6422
What is the greatest common divisor of 2401 and 287973?
49
Calculate the highest common divisor of 1091976 and 227322.
1038
What is the greatest common factor of 138704 and 332944?
16
What is the greatest common factor of 24157 and 15680?
49
Calculate the greatest common divisor of 48808992 and 7008.
96
What is the highest common factor of 24740254 and 154?
154
What is the greatest common divisor of 440776 and 131852?
476
What is the highest common divisor of 8733501 and 5275?
211
Calculate the highest common divisor of 4947 and 2556435.
291
What is the greatest common factor of 38 and 8674?
2
Calculate the highest common divisor of 61740 and 29867460.
2940
Calculate the highest common factor of 75532669 and 955.
191
What is the highest common divisor of 59914239 and 8778?
4389
Calculate the highest common factor of 62376310 and 365.
365
Calculate the highest common factor of 16234448 and 1648.
1648
Calculate the highest common divisor of 14 and 438778.
2
What is the greatest common divisor of 5859 and 681114?
21
Calculate the greatest common factor of 87157 and 1932.
7
Calculate the highest common factor of 19466438 and 978.
326
What is the highest common factor of 414342790 and 1090?
1090
Calculate the highest common factor of 825 and 390506985.
165
Calculate the greatest common divisor of 11946 and 107412459.
5973
What is the greatest common divisor of 72635 and 192035?
995
Calculate the greatest common factor of 1148464 and 412228.
1604
Calculate the highest common factor of 421474 and 68724.
166
Calculate the greatest common divisor of 577353932 and 68.
68
Calculate the highest common divisor of 1273522308 and 12.
12
Calculate the highest common divisor of 441 and 296064.
9
What is the highest common factor of 9009825 and 81405?
1005
Calculate the greatest common factor of 2626 and 1968389.
101
What is the highest common factor of 4844 and 37124?
4
Calculate the greatest common factor of 109124136 and 15825.
633
Calculate the greatest common divisor of 273132400 and 400.
400
What is the highest common divisor of 2950 and 18397498?
118
Calculate the greatest common factor of 1440274 and 1122.
374
Calculate the greatest common factor of 77117213 and 37.
37
What is the greatest common divisor of 627 and 599640?
57
What is the greatest common factor of 5385 and 184340?
5
What is the greatest common divisor of 6867315 and 99330?
4515
Calculate the highest common factor of 36 and 45120129.
3
What is the highest common factor of 8740043 and 2938?
13
What is the greatest common factor of 16882 and 37858?
46
Calculate the greatest common factor of 16 and 5637976.
8
Calculate the greatest common divisor of 35567 and 116959539.
5081
What is the highest common factor of 327706599 and 58443?
8349
Calculate the greatest common divisor of 95082 and 4521179.
299
Calculate the greatest common divisor of 828414 and 46719.
261
Calculate the highest common divisor of 18271411 and 2363.
139
What is the highest common factor of 278 and 142185880?
278
What is the highest common factor of 306633 and 21027?
129
What is the highest common divisor of 474 and 382853118?
474
What is the greatest common factor of 3025 and 335799475?
275
Calculate the highest common divisor of 1424017 and 56.
7
What is the greatest common divisor of 3996 and 563658?
222
What is the highest common divisor of 7 and 1432109?
7
Calculate the highest common factor of 77 and 50579573.
11
What is the greatest common divisor of 10038360 and 456?
24
Calculate the greatest common divisor of 1590811 and 18836.
277
Calculate the greatest common divisor of 39 and 42875157.
39
Calculate the greatest common factor of 112 and 919144.
8
What is the greatest common factor of 5310 and 9544430?
590
Calculate the highest common divisor of 213 and 1580034.
213
Calculate the highest common divisor of 232 and 10571138.
58
Calculate the greatest common factor of 12 and 8498256.
12
Calculate the highest common factor of 376852 and 770560.
1204
Calculate the greatest common divisor of 13902309 and 27813.
381
What is the greatest common divisor of 596383 and 1786?
47
Calculate the highest common factor of 4 and 7666968.
4
What is the greatest common divisor of 74935953 and 1602?
801
What is the highest common divisor of 45120 and 15978120?
5640
Calculate the greatest common divisor of 10217832 and 387.
129
Calculate the highest common divisor of 448 and 12903296.
448
Calculate the highest common factor of 789 and 1836295719.
789
Calculate the highest common divisor of 904613 and 14023.
37
Calculate the highest common factor of 68778906 and 3570.
714
What is the greatest common factor of 121882 and 359102?
818
Calculate the greatest common factor of 98932085 and 5.
5
What is the greatest common factor of 98810250 and 3894?
3894
What is the greatest common divisor of 7075915 and 245?
35
What is the greatest common factor of 1182867043 and 61?
61
What is the highest common factor of 34 and 624833793?
17
Calculate the greatest common factor of 677004 and 4236.
12
What is the highest common divisor of 1953 and 12785206?
217
What is the highest common divisor of 2654639 and 962?
481
What is the greatest common divisor of 1023 and 9749531?
341
Calculate the greatest common factor of 825 and 16091075.
275
What is the highest common divisor of 15403716 and 432?
108
Calculate the greatest common factor of 34467771 and 6.
3
Calculate the greatest common factor of 6950770 and 456.
38
Calculate the highest common divisor of 1313636 and 54578.
1882
Calculate the greatest common divisor of 822 and 5146953.
411
What is the greatest common factor of 755488 and 268?
4
Calculate the greatest common divisor of 248406885 and 75.
15
Calculate the greatest common factor of 39974 and 251344.
46
What is the highest common divisor of 160 and 2464288?
32
Calculate the highest common divisor of 20564047 and 322.
161
Calculate the greatest common divisor of 885852 and 1848.
132
What is the greatest common divisor of 48051035 and 10?
5
What is the greatest common divisor of 4865 and 12551?
7
What is the greatest common divisor of 1831521 and 535989?
159
What is the greatest common divisor of 838085 and 16275?
155
Calculate the greatest common divisor of 7000 and 128422.
14
Calculate the highest common factor of 135 and 109892130.
15
Calculate the high